is the remainder when 18*(o + 50/6) is divided by 33?
30
Let d(g) = 2*g**2 + g. Let p be (-1 + -4)/(-10)*4. Suppose -5*w = -7*w + p. Calculate the remainder when d(-1) is divided by w.
0
Suppose 779 = 2*x + 6*k - 11*k, 1552 = 4*x - 4*k. What is the remainder when x is divided by 16?
3
Suppose -34*i + 1653 - 89 = 0. What is the remainder when i is divided by 16?
14
Let i(r) = r + 1. Let j be i(4). Let u(y) = j*y - 2*y + 1 - 2*y + 0*y. What is the remainder when 20 is divided by u(6)?
6
Let p = -5517 + 5553. Calculate the remainder when p is divided by ((-1)/(-2))/((-2)/(-52)).
10
Let t = 67 - -29. Let o(b) = 2*b**2 + 78*b + 96. Calculate the remainder when t is divided by o(-38).
16
Suppose 5*z - 10*z = -40. Calculate the remainder when 61 is divided by z.
5
Let w be -31*((-14)/18 - 2/9). Let l = w - 7. Calculate the remainder when 67 is divided by l.
19
Let b(y) = 19*y - 31. Calculate the remainder when -26*(-3 - (-2 - 0)) is divided by b(2).
5
Let k(x) = -41*x - 273. Calculate the remainder when 545 is divided by k(-7).
13
Let h = 33 + -30. Suppose v - 4*v = -o + 9, h*v + 45 = 5*o. Calculate the remainder when 80 is divided by o.
8
Let s = -27 + 31. Suppose 10 = s*i - 26. Suppose -5*f = -i*f + 72. Calculate the remainder when f is divided by 7.
4
Let h(z) = -z**3 + 17*z**2 + 2*z - 25. Let a be h(17). Let o = 23 - a. What is the remainder when 22 is divided by o?
8
Suppose 5*s = -5*t + 75, -2*s + 4*t + 59 = 17. Let f = 5 + s. Calculate the remainder when 43 is divided by f.
21
Let o(m) = m**3 + 2*m**2 - 5. Let d be o(-4). Let z = -6 - d. Calculate the remainder when z is divided by 12.
7
Let m(s) = -s**3 - 2*s**2 + 4*s + 2. Let x be m(4). Let q = 119 + x. Suppose 0 = t - 1, 3*t - 34 + 119 = 4*h. Calculate the remainder when q is divided by h.
19
Let r be (3/6)/((-2)/(-16)). Suppose 5*f - l = -2*l + 85, r*f + 4*l - 68 = 0. What is the remainder when 64 is divided by f?
13
Let u be (1 + 0)/(-3 - 6/(-3)). Let h(z) = 68*z**2 + z + 2. Calculate the remainder when 272 is divided by h(u).
65
Suppose 6*b + 272 = 10*b. Suppose -4*t = -5*o + 253, -5*o + b = t - 175. Let p = o - 20. Calculate the remainder when p is divided by 15.
14
Let z = -766 - -1290. What is the remainder when z is divided by 31?
28
Suppose -3*a + 16 = 133. Let y = a + 83. Calculate the remainder when y is divided by 12.
8
Suppose 236*i = 233*i + 2901. What is the remainder when i is divided by 19?
17
Let x = 4 + 25. Suppose -2*s + 1 + 9 = 0. Suppose -s*i = -16 - x. What is the remainder when 23 is divided by i?
5
Suppose a - 6 = 2*q, -3*q - 5 = -2*a + 4. Let g(f) = 31*f**2 + 7*f - 1. Calculate the remainder when q*(344/(-6))/4 is divided by g(-1).
20
Suppose 4*p + 924 = 2*o, 2278 = 5*o - 8*p + 6*p. What is the remainder when o is divided by 13?
12
Let a(b) = -b + 2. Let h be a(6). Let j(d) = d**3 + 6*d**2 + 5*d + 1. Suppose -3 = -4*r + 17. Calculate the remainder when j(h) is divided by r.
3
Let f = 211 + -34. Calculate the remainder when f/9 + (-10)/(-30) is divided by 9.
2
Let a(t) = t**3 + 9*t**2 + 5*t - 35. What is the remainder when 109 is divided by a(-7)?
25
Suppose -5*n + 17 = 5*j - 18, 2*j - 16 = -4*n. Let k be 4/(16/j - 2). Calculate the remainder when 29 is divided by -7 + k + -1 + 10.
5
Suppose 72 = 6*o - 936. What is the remainder when o is divided by 22?
14
Suppose -10*q + 112 = -14*q. Let g = q - -46. Calculate the remainder when g is divided by 12.
6
Suppose -4*p + 145 = 3*b - 174, b - 79 = -p. Suppose w + 58 = 5*u, 24 = -5*w + 2*u - 174. Let q = p + w. Calculate the remainder when q is divided by 15.
14
Suppose 11*h = 5*h + 84. Calculate the remainder when 137 is divided by h.
11
Let u(h) = 49*h**2 + 5*h + 3. Calculate the remainder when 280 is divided by u(-1).
45
Let r be (-135)/(-20) - 6/8. Suppose -3*a = -r*a + 93. Suppose -23 = -2*v + 11. Calculate the remainder when a is divided by v.
14
What is the remainder when 180/(-40)*(1 + 26/(-6)) is divided by 9?
6
Let s(k) = -31*k - k**2 - 3 + 2 - 29 + 12*k. Calculate the remainder when s(-11) is divided by 21.
16
Let s = 310 - 306. Let q(v) = 16*v**2 - 2*v - 1. What is the remainder when q(-1) is divided by s?
1
Let n(h) be the second derivative of 19*h**3/6 - 11*h**2/2 + 44*h. What is the remainder when n(4) is divided by 33?
32
Suppose 17*x + 15*x = 22560. What is the remainder when x is divided by 59?
56
Suppose -169*f = -173*f + 240. What is the remainder when 166 is divided by f?
46
Suppose -3*s + u + 96 = 0, -u + 120 = 4*s - 5*u. Let v(y) = -11*y + 30. What is the remainder when v(-12) is divided by s?
30
Let x(m) be the second derivative of m**5/20 - m**4/4 + m**3/6 + 2*m**2 + 22*m. Suppose -1 = -u + 1. What is the remainder when x(3) is divided by u?
1
Suppose -499*b - 791 = -506*b. Suppose 2*f - 87 = -f. What is the remainder when b is divided by f?
26
Calculate the remainder when 4*(7 - 0 - -31) is divided by 12.
8
Let i(j) = -j**3 + 6*j**2 + 18*j - 4. Calculate the remainder when i(7) is divided by 63.
10
Suppose 2*m + 0*m - 4 = 0. Suppose 3*h = -a + 5, -5*a - h + 7 = -m*a. What is the remainder when 32 is divided by (-330)/(-20)*a/3?
10
Let g = -308 - -319. Calculate the remainder when g is divided by 8.
3
Let l = 20 + -19. Let u(f) = -f**2 - 7*f + 7. Let p be u(-8). Calculate the remainder when l is divided by 8/12 + p/(-3).
0
Let i(h) = h**3 + 3*h**2 - 36*h - 15. Let w = -11 + 32. What is the remainder when i(-7) is divided by w?
20
Let q(y) = y**2 + 9*y + 18. Let r be (-1 - -1)/3 - -9. Suppose -3 = -3*j + r. Calculate the remainder when q(-8) is divided by j.
2
Let i(b) = -127*b + 19. What is the remainder when i(-1) is divided by 25?
21
Let n = 100 + -89. What is the remainder when 2/3 + (-220)/(-3) is divided by n?
8
Let m(s) = 3*s + 4. Let i(r) = r**3 + 11*r**2 - 11*r + 27. Let g be i(-12). Let v = g - -48. What is the remainder when v is divided by m(4)?
15
Suppose -10*y = -4*y - 126. Let u = 20 - 15. Calculate the remainder when y is divided by u.
1
What is the remainder when 53 is divided by (1 + (-5)/(-2))*(-6 + 8)?
4
What is the remainder when 52 is divided by ((-17)/34)/((-3)/168)?
24
Let f = -692 - -1223. Suppose -f = 18*g - 1683. Let x(v) = v**2 + 3*v - 6. Calculate the remainder when g is divided by x(-7).
20
What is the remainder when (10/(-20))/1*-190 is divided by 33?
29
Suppose 0 = 11*o - 69 - 8. Let q(p) = p**2 - 6*p + 18. Calculate the remainder when 47 is divided by q(o).
22
Let k(r) = r**2 - r - 1. Let s(q) = -5*q**2 + 10*q - 20. Let a(m) = 6*k(m) + s(m). Let x = 7 - -2. What is the remainder when x is divided by a(-8)?
3
Suppose -5*v + 309 = -3*n, -2*v + 0*n - 3*n = -111. Calculate the remainder when 175 is divided by v.
55
Suppose 2*l + 16*a = 21*a + 157, 2*l - 4*a - 160 = 0. What is the remainder when 599 is divided by l?
83
Let w(u) = -u**3 + 12*u**2 - 6*u + 11. Let x be w(12). Let l = -44 - x. Calculate the remainder when 66 is divided by l.
15
Let f = -133 - -349. Suppose -d + f = 8*d. What is the remainder when 116 is divided by d?
20
Suppose 2*t + 9 = 5*t. What is the remainder when 2/t*-3 + 119 is divided by 17?
15
Let w(z) = 128*z**2 + 6*z - 5. Let u be w(3). Suppose 0 = -12*a + 17*a - u. Calculate the remainder when a is divided by 39.
38
Let r = -99 - -93. Suppose z = 9 + 1. What is the remainder when ((-63)/(-35))/(r/(-130)) is divided by z?
9
What is the remainder when 301 is divided by (-8)/(9 - 132/12)?
1
Suppose -7*d + 99 = -34. What is the remainder when 28 is divided by d?
9
Let q = 41 + -24. What is the remainder when q is divided by (-15)/(-2) + -6*10/40?
5
Suppose -2*q + 5*q - 114 = 0. Let y = 34 - q. What is the remainder when 7 is divided by y/((-24)/(-9))*-2?
1
Let k(b) = 2*b**3 + 19*b**2 + 7*b - 47. Let p(r) = r**3 + 10*r**2 + 3*r - 24. Let j(t) = 3*k(t) - 7*p(t). What is the remainder when 160 is divided by j(-13)?
25
What is the remainder when (-2)/(-4 - (-80)/(-75) - -5) is divided by -2*(-1)/(-1) + 19?
13
Suppose -4*j - j - g + 3659 = 0, g = j - 727. Calculate the remainder when j is divided by 15.
11
Let x = -399 + 623. What is the remainder when x is divided by 15?
14
Suppose 2*k - 6*k = 0. Suppose k = -0*h + 2*h - 238. What is the remainder when h is divided by 40?
39
Suppose 3*g + 20 = -2*g, -2*r + 4*g + 20 = 0. Suppose -15*p = -10*p + 55. Wha